{"id":2,"date":"2017-12-12T12:55:06","date_gmt":"2017-12-12T12:55:06","guid":{"rendered":"http:\/\/ayuntamiento.dev\/transparencia\/?page_id=2"},"modified":"2024-09-15T23:46:13","modified_gmt":"2024-09-16T03:46:13","slug":"inicio","status":"publish","type":"page","link":"https:\/\/dmjuanrodriguez.gob.do\/transparencia\/","title":{"rendered":"Inicio Transparencia"},"content":{"rendered":"<p>&nbsp;<\/p>\n<p><img loading=\"lazy\" decoding=\"async\" class=\"aligncenter wp-image-485 size-full\" src=\"http:\/\/dmjuanrodriguez.gob.do\/transparencia\/wp-content\/uploads\/2024\/09\/Imagen3-scaled.jpg\" alt=\"Juramentaci\u00f3n Autoridades Gesti\u00f3n Municipal 2024-2028\" width=\"2560\" height=\"1417\" srcset=\"https:\/\/dmjuanrodriguez.gob.do\/transparencia\/wp-content\/uploads\/2024\/09\/Imagen3-scaled.jpg 2560w, https:\/\/dmjuanrodriguez.gob.do\/transparencia\/wp-content\/uploads\/2024\/09\/Imagen3-250x138.jpg 250w, https:\/\/dmjuanrodriguez.gob.do\/transparencia\/wp-content\/uploads\/2024\/09\/Imagen3-700x387.jpg 700w, https:\/\/dmjuanrodriguez.gob.do\/transparencia\/wp-content\/uploads\/2024\/09\/Imagen3-768x425.jpg 768w, https:\/\/dmjuanrodriguez.gob.do\/transparencia\/wp-content\/uploads\/2024\/09\/Imagen3-1536x850.jpg 1536w, https:\/\/dmjuanrodriguez.gob.do\/transparencia\/wp-content\/uploads\/2024\/09\/Imagen3-2048x1134.jpg 2048w, https:\/\/dmjuanrodriguez.gob.do\/transparencia\/wp-content\/uploads\/2024\/09\/Imagen3-120x66.jpg 120w\" sizes=\"(max-width: 2560px) 100vw, 2560px\" \/><\/p>\n<p style=\"text-align: justify\"><span style=\"font-size: 14pt\"><em><sub>Este portal\u00a0interactivo cumple con los requisitos de la Ley General de Libre Acceso a la Informaci\u00f3n P\u00fablica No. 200-04 y su reglamento, el Decreto No. 130-05. Conforme al Art\u00edculo 5, todos los organismos del Estado deben digitalizar su informaci\u00f3n y ponerla a disposici\u00f3n del p\u00fablico a trav\u00e9s de Internet. Nuestro portal ofrece: Informaci\u00f3n p\u00fablica: Estructura organizativa, normativas, proyectos, informes de gesti\u00f3n. Atenci\u00f3n al usuario: Consultas, quejas y sugerencias. Tr\u00e1mites y servicios: Acceso directo a la informaci\u00f3n sin necesidad de solicitud previa. Mantenemos una actualizaci\u00f3n constante para asegurar la transparencia y accesibilidad de la informaci\u00f3n gubernamental.<\/sub><\/em><\/span><\/p>\n","protected":false},"excerpt":{"rendered":"&nbsp; Este portal\u00a0interactivo cumple con los requisitos de la Ley General de Libre Acceso a la Informaci\u00f3n P\u00fablica No. 200-04 y su reglamento, el Decreto No. 130-05. Conforme al Art\u00edculo 5, todos los organismos del Estado deben digitalizar su informaci\u00f3n y ponerla a disposici\u00f3n del p\u00fablico a trav\u00e9s de Internet. Nuestro portal ofrece: Informaci\u00f3n p\u00fablica:&#8230;","protected":false},"author":1,"featured_media":0,"parent":0,"menu_order":0,"comment_status":"closed","ping_status":"closed","template":"template-home.php","meta":{"footnotes":""},"_links":{"self":[{"href":"https:\/\/dmjuanrodriguez.gob.do\/transparencia\/wp-json\/wp\/v2\/pages\/2"}],"collection":[{"href":"https:\/\/dmjuanrodriguez.gob.do\/transparencia\/wp-json\/wp\/v2\/pages"}],"about":[{"href":"https:\/\/dmjuanrodriguez.gob.do\/transparencia\/wp-json\/wp\/v2\/types\/page"}],"author":[{"embeddable":true,"href":"https:\/\/dmjuanrodriguez.gob.do\/transparencia\/wp-json\/wp\/v2\/users\/1"}],"replies":[{"embeddable":true,"href":"https:\/\/dmjuanrodriguez.gob.do\/transparencia\/wp-json\/wp\/v2\/comments?post=2"}],"version-history":[{"count":6,"href":"https:\/\/dmjuanrodriguez.gob.do\/transparencia\/wp-json\/wp\/v2\/pages\/2\/revisions"}],"predecessor-version":[{"id":484,"href":"https:\/\/dmjuanrodriguez.gob.do\/transparencia\/wp-json\/wp\/v2\/pages\/2\/revisions\/484"}],"wp:attachment":[{"href":"https:\/\/dmjuanrodriguez.gob.do\/transparencia\/wp-json\/wp\/v2\/media?parent=2"}],"curies":[{"name":"wp","href":"https:\/\/api.w.org\/{rel}","templated":true}]}}